a**3/6 - 5*a**2/2 - 947*a. Give d(6).
1
Let f(h) be the first derivative of -h**3/3 + 13*h**2/2 + 13*h + 164. What is f(12)?
25
Let j(v) = -v**2 + v + 1. Let k(c) = c**2 - 4*c - 9. Suppose -q + 1 = -8. Suppose -6*r + 45 - q = 0. Let u be k(r). What is j(u)?
-5
Let j(a) = 4*a**2 - 7*a - 5*a**2 + 11 + 0*a**2 - 18. What is j(-7)?
-7
Let j(i) = -i**3 - 7*i**2. Let k be 2/30 + 10918/(-1545). Calculate j(k).
0
Let n = -379 - -367. Let c(a) = 2*a + 14. What is c(n)?
-10
Suppose 0*u + 11*u - 33 = 0. Let s(i) = 4*i + 3*i**2 - 7*i - 2*i + i**u + 6*i. Give s(-2).
2
Let x(t) = -t**2 - 2*t - 1. Let d(i) = -6*i**2 - 6*i - 11. Let p(z) = d(z) - 5*x(z). Suppose 7 = 5*f - 13. Calculate p(f).
-6
Let h(x) = -x**3 + 3*x**2 + x. Let f be h(3). Let s(z) = -11*z - 13*z - 1 + z**2 + 23*z. Calculate s(f).
5
Suppose -1 = 3*s - 25. Let i(o) = o**2 - 3*o + 7. Determine i(s).
47
Let o(c) = -7*c**2 - 7*c + 15. Let g(i) = 11*i**2 + 10*i - 23. Let k(l) = 5*g(l) + 8*o(l). Suppose 0 = 5*x + 4*b + 31, -3*x + 6*b = 2*b + 25. Give k(x).
-2
Let i = -116 - -122. Let j(l) = -3*l - 1. Determine j(i).
-19
Let a = -78 + 81. Suppose -k - a = -6. Let m(j) = -j + 1. Give m(k).
-2
Suppose 5*s + 4*x + 5 = 32, -3*s + x = -23. Let z(o) = -o. Let j(n) = 5. Let i(d) = 2*j(d) + 4*z(d). What is i(s)?
-18
Let v be 6/2 + 1 + 0 + -3. Let o(t) = 8*t + 3. Determine o(v).
11
Let f = 1962 - 1946. Let a(x) = -x**3 + 15*x**2 + 17*x - 17. Calculate a(f).
-1
Let h(l) be the third derivative of 0*l + 1/120*l**6 + 2/3*l**3 - 27*l**2 - 1/24*l**4 + 0*l**5 + 0. Calculate h(0).
4
Let d be (1/2)/(10/(-20)). Let w(k) be the first derivative of 3*k**4/2 + k**2 + k - 27. Determine w(d).
-7
Let u be (-35)/(-14)*6/5. Let a(v) be the third derivative of v**4/8 - v**3 - 12*v**2. Let q(n) = -1. Let g(h) = -a(h) + 6*q(h). Calculate g(u).
-9
Suppose -9 = l - 3*x - 3, -2*l + 5*x = 9. Let y(o) = -3*o + 2. Determine y(l).
-7
Let k(p) = 5*p - 6. Let g be k(2). Let n(c) = -2*c - 2*c**2 - 2 + 9*c + 3*c - g*c. Give n(4).
-10
Suppose -3*g + 10 = 2*g. Let c = -3 - -6. Let z = c - g. Let b(t) = t**2 - 2*t + 1. Give b(z).
0
Let r(j) = -2*j - 34. Let f be r(-15). Let b be (f + 35/10)*6. Let h(a) = -a**3 - 3*a**2 - 3*a + 2. What is h(b)?
11
Let v(f) = -1019 + f**2 + 508 + 500 - 7*f. What is v(10)?
19
Let j(k) = k**2 + 9*k + 20. Let o be j(-4). Let q be o/(4 + 0 + -8 + 3). Let x(b) be the third derivative of -b**4/24 - b**3/6 - 2*b**2. Determine x(q).
-1
Let u(o) be the third derivative of o**6/24 + o**5/60 + o**4/24 - o**3/6 + 266*o**2. Let w be ((-2)/4)/(3/(-6)). What is u(w)?
6
Let c(y) = -1 - 6*y**3 - 1696*y + 3382*y - y**2 - 1687*y. Determine c(-2).
45
Let n(t) = -2*t**3 + t**2 + 3*t - 3. Suppose 16 - 26 = 5*a - 4*m, -3*a - 4*m = -26. Calculate n(a).
-9
Let o(n) = 0 + n**2 + 1 - 7*n + 1 + 2. Suppose 0 = 3*b + 46 - 10. Let q = -6 - b. Calculate o(q).
-2
Let y(d) be the first derivative of 3*d**4 - d**3/3 + d**2/2 + 1826. Suppose -14 = s + 3*v, -2*v - 6 = 3*s + s. Give y(s).
12
Let z(n) = n**2 - 13*n - 60. Let x be z(17). Let w(a) = a**2 - 7*a - 6. Calculate w(x).
2
Let q(t) = -t**2 + 3. Let x(z) be the second derivative of -z**3 - z**2 - 4*z. Let c be x(-5). Let g be c/10 + (-3)/(-15). Determine q(g).
-6
Let g(q) = -q**2 - 10*q - 4. Let j be g(-9). Suppose -2*n = -5 - j. Let c(f) = 7*f**2 - 15*f**2 + 8*f**2 - n*f**3. Calculate c(-1).
5
Let y(v) = 2*v + 6. Let c(d) be the third derivative of 0*d - 3/20*d**5 + 1/24*d**4 + 0 - 1/120*d**6 + 1/2*d**3 + 4*d**2. Let n be c(-9). Give y(n).
-6
Let n be (-3)/(-2)*-12*-1. Suppose n = -8*l - 6. Let v(b) = -b - 4. What is v(l)?
-1
Let x(d) be the first derivative of d**3/6 - d**2/2 - 2*d + 2. Let t(f) be the first derivative of x(f). Let c be (-28)/(-5) + 3/(45/6). Calculate t(c).
5
Let i(p) = p + 6. Let j be i(0). Let v(h) = 4 - 4 - 3344*h + 6712*h - 3358*h - 2*h**2 - 8. Calculate v(j).
-20
Let a(v) be the third derivative of 0*v**3 - 1/120*v**6 + 0 + 0*v**4 + 1/10*v**5 + 4*v**2 + 0*v. Determine a(6).
0
Suppose -6*p - 410 = 88. Let n = 79 + p. Let z(a) be the first derivative of -a**3/3 - 3*a**2/2 + 2*a - 2. Give z(n).
-2
Suppose -25 = 2*k - 33. Suppose k*z = v + 5, 9*v + 4*z - 1 = 6*v. Let g(o) = -3*o**2 - o. What is g(v)?
-2
Let i(z) = -3*z**3 + z**2 + 2*z - 1. Let k(a) = 5*a**3 - a**2 - 3*a + 1. Let h(q) = 7*i(q) + 4*k(q). Determine h(3).
3
Let x(g) = -g**2 + 6*g - 1. Let c be (15/((-75)/(-40)))/(1 + 0). Give x(c).
-17
Let y = -13 + 16. Suppose 0 = -y*a - 2 + 8. Suppose a*k - 4 = k. Let o(i) = -i**2 + 3*i - 5. Give o(k).
-9
Let h(x) = 20*x + 709. Let t be h(-36). Let n(u) = u - 11. Determine n(t).
-22
Let w(a) = a**3 - 4*a**2 - 3*a - 2. Let g be (-48)/(-16) - (8 - (-4)/(-2)). Let x be (4 - (-5)/(-2))*(-10)/g. Calculate w(x).
8
Let w(j) = 1. Let a(m) be the second derivative of -m**3/6 + 11*m**2/2 + 14*m. Let o(u) = -a(u) + 2*w(u). What is o(5)?
-4
Let r(g) = 11*g**2 - g - 2. Let u(j) = -5*j**2 + 1. Suppose 10 = -2*y - 4*t - 12, -3*y - 4*t = 31. Let h(w) = y*u(w) - 4*r(w). Calculate h(-3).
-4
Let o = 7275 - 7276. Let k(q) = 0 - 5 + 3 - 2*q - 5*q**2. Let m(p) = -41*p**2 - 17*p - 17. Let a(u) = 51*k(u) - 6*m(u). Calculate a(o).
-9
Let d(j) = 7*j. Let q(u) = -u. Let g be (14/21)/(2/3). Let c(s) = g*d(s) + 6*q(s). What is c(-3)?
-3
Let s(f) = 16 + 15 - 52 - 2*f + 13. Determine s(-4).
0
Suppose -r - 4*r + 35 = 0. Suppose 0 = -q + 5*d + 3 - r, 16 = 2*q + 2*d. Let g(n) = n. Give g(q).
6
Let i(n) = 16*n**3 + 12*n**2 + 1. Let p(l) = l**3 + 3*l**2. Let r(m) = i(m) - 4*p(m). Give r(1).
13
Let k be 33/9 - 6/9. Let z be k + -2 + -1 + 4. Let p(r) = 2*r**2 + 0 - 1 + z*r - 5*r. What is p(-1)?
2
Let g(c) = 5 - 2*c + 161*c**2 - 15*c**3 - 57*c**2 - 53*c**2 - 49*c**2 - 4. Calculate g(1).
-14
Let i(w) be the second derivative of -w**3 - w**2/2 + 13*w. Let s(f) = -31*f - 6. Let a(b) = -11*i(b) + 2*s(b). What is a(2)?
7
Let a(k) be the first derivative of -k**2 + 12*k + 83. Determine a(13).
-14
Let c(l) = l**2 + 110*l + 907. Let n be c(-9). Let u(y) = 0*y**2 + 0 + y**3 - 3*y**3 - 3*y**2 + 1. Determine u(n).
5
Suppose -m - 5*x - 49 = m, -5*x = -m - 17. Let b = -20 - m. Let q(h) = -h**3 + h**2 + 2. Determine q(b).
-2
Let z be (-2)/(-6)*5/(15/54). Let n(x) = x**2 - 7*x + 5. Give n(z).
-1
Let u(x) = -x**3 - 2*x**2 - 2. Let q be u(0). Let i(t) = 5*t**2 + 4*t + 2. What is i(q)?
14
Suppose 54 = 3*t - 4*y, 4*t + 5*y - 39 - 2 = 0. Let x(v) = -v**2 + 19*v - 69. Give x(t).
1
Let o(q) = q**2 + q - 19. Suppose 8*i + 0*i + 11*i = 0. What is o(i)?
-19
Let m(g) = -g**3 + 5*g**2 + g - 1. Suppose -h = -2*y - 10, 0*y + y = -2*h. Give m(h).
13
Suppose -9 = 4*x - 1. Let k(v) = 3*v**2 - 3*v - 2. What is k(x)?
16
Let b(t) be the third derivative of -t**6/120 - t**4/24 + 2*t**3/3 - 107*t**2 + 2*t. Give b(0).
4
Let u = 92 + -98. Let n(c) be the first derivative of -c**3/3 - 9*c**2/2 + 3. What is n(u)?
18
Let c(j) = -j**2 + 1. Let r be (-2)/(4/(-6)) + 9*1. Let f be (9/r)/((-15)/(-20)). Determine c(f).
0
Let b = 24 + -17. Let z(t) = 0*t + 4 - 4 + 6 + 7*t - 8*t. Give z(b).
-1
Let d be -2*-1*2/4. Let x(o) = 5*o - 11. Let r(f) = -f. Let k(s) = d*x(s) + 6*r(s). Let a(t) = t + 10. Let v(m) = 7*a(m) + 6*k(m). Determine v(-3).
1
Suppose -45 = -13*v + 22*v. Let s(d) = d**3 + 4*d**2 - 5*d - 1. Determine s(v).
-1
Let j be -2 - (-4 + 2)*4. Let a(i) = -3*i**3 + 5*i**2 + 7. Let r(o) = -13*o**3 + 19*o**2 + 4*o + 27. Let f(z) = -9*a(z) + 2*r(z). Calculate f(j).
3
Let s(n) = -n**2 - 16*n + 1. Let k(z) = -2*z**2 - 34*z + 3. Let r(l) = -4*k(l) + 9*s(l). What is r(-6)?
9
Let t(f) be the first derivative of -7*f**2 + 2*f - 75. What is t(-2)?
30
Let a(f) = 4*f - 71. Let j be a(19). Let n be j/1 + 120/(-10). Let l(z) = -z**3 - 7*z**2 + 3*z - 9. Give l(n).
-30
Suppose 0 = -5*x - 3*n + 6 + 10, -4*x + n + 6 = 0. Let u(f) = -2*f + 1. Give u(x).
-3
Let f(j) = -6*j**3 - j**2. Let c be f(-1). Let y = 6 - c. Let h = y - -5. Let v(z) = z**3 - 5*z**2 - 7*z + 1. Determine v(h).
-5
Let z(n) = n**2 + n + 17 - 18 + 4*n**3 - 2*n**3 - 2*n. Calculate z(-1).
-1
Let u(j) = j**3 - 4*j**2 - 7*j - 1. Let d be (-3318)/20 - 3/30. Let l = -160 - d. Determine u(l).
29
Let o(k) be the second derivative of 1/6*k**3 - k**2 + 8*k + 0. Suppose v + 2*a + 2 = -1, 5*a + 10 = -2*v. Calculate o(v).
3
Let v(b) = -b**3 + 9*b**2 - 9*b + 12. Let s be 65 - (-3 - 8/(-4)). Let m be s/8 + (-7)/28. What